 divided by 35?
19
Calculate the remainder when 358 is divided by 137.
84
Calculate the remainder when 1370 is divided by 86.
80
What is the remainder when 160 is divided by 28?
20
What is the remainder when 6997 is divided by 140?
137
What is the remainder when 36959 is divided by 14?
13
What is the remainder when 318 is divided by 111?
96
What is the remainder when 23 is divided by 7?
2
Calculate the remainder when 337 is divided by 176.
161
Calculate the remainder when 92 is divided by 5.
2
What is the remainder when 117 is divided by 64?
53
Calculate the remainder when 563 is divided by 143.
134
Calculate the remainder when 619 is divided by 78.
73
What is the remainder when 80 is divided by 32?
16
What is the remainder when 276 is divided by 32?
20
Calculate the remainder when 432 is divided by 15.
12
Calculate the remainder when 321 is divided by 16.
1
Calculate the remainder when 291 is divided by 112.
67
Calculate the remainder when 372 is divided by 68.
32
What is the remainder when 379 is divided by 129?
121
Calculate the remainder when 4893 is divided by 36.
33
Calculate the remainder when 63 is divided by 51.
12
Calculate the remainder when 760 is divided by 258.
244
What is the remainder when 3920 is divided by 74?
72
What is the remainder when 64 is divided by 26?
12
Calculate the remainder when 39205 is divided by 116.
113
What is the remainder when 196 is divided by 47?
8
What is the remainder when 2219 is divided by 440?
19
What is the remainder when 4368 is divided by 141?
138
Calculate the remainder when 61 is divided by 7.
5
What is the remainder when 12040 is divided by 9?
7
What is the remainder when 456 is divided by 99?
60
Calculate the remainder when 16904 is divided by 245.
244
Calculate the remainder when 36 is divided by 28.
8
Calculate the remainder when 628 is divided by 202.
22
Calculate the remainder when 403 is divided by 46.
35
What is the remainder when 162 is divided by 48?
18
What is the remainder when 56 is divided by 32?
24
What is the remainder when 157 is divided by 73?
11
What is the remainder when 1423 is divided by 3?
1
Calculate the remainder when 401 is divided by 82.
73
What is the remainder when 905 is divided by 440?
25
Calculate the remainder when 622 is divided by 45.
37
Calculate the remainder when 2076 is divided by 517.
8
Calculate the remainder when 655 is divided by 164.
163
Calculate the remainder when 47 is divided by 8.
7
What is the remainder when 184 is divided by 18?
4
What is the remainder when 257 is divided by 14?
5
Calculate the remainder when 137 is divided by 13.
7
Calculate the remainder when 7020 is divided by 119.
118
Calculate the remainder when 315 is divided by 237.
78
Calculate the remainder when 229 is divided by 24.
13
Calculate the remainder when 501 is divided by 73.
63
What is the remainder when 313 is divided by 151?
11
Calculate the remainder when 269 is divided by 15.
14
Calculate the remainder when 478 is divided by 235.
8
Calculate the remainder when 1108 is divided by 6.
4
Calculate the remainder when 894 is divided by 69.
66
Calculate the remainder when 588 is divided by 100.
88
What is the remainder when 61 is divided by 8?
5
Calculate the remainder when 49 is divided by 13.
10
What is the remainder when 949 is divided by 34?
31
What is the remainder when 3344 is divided by 556?
8
What is the remainder when 335 is divided by 28?
27
What is the remainder when 159 is divided by 75?
9
Calculate the remainder when 344 is divided by 114.
2
Calculate the remainder when 64 is divided by 26.
12
Calculate the remainder when 590 is divided by 1.
0
What is the remainder when 103 is divided by 54?
49
What is the remainder when 681 is divided by 19?
16
Calculate the remainder when 1581 is divided by 22.
19
What is the remainder when 182 is divided by 27?
20
What is the remainder when 1104 is divided by 42?
12
Calculate the remainder when 14398 is divided by 75.
73
Calculate the remainder when 1372 is divided by 9.
4
What is the remainder when 1723 is divided by 157?
153
Calculate the remainder when 2260 is divided by 133.
132
What is the remainder when 33 is divided by 29?
4
Calculate the remainder when 93 is divided by 18.
3
What is the remainder when 91 is divided by 41?
9
Calculate the remainder when 3756 is divided by 1248.
12
Calculate the remainder when 126 is divided by 11.
5
Calculate the remainder when 617 is divided by 204.
5
Calculate the remainder when 230 is divided by 129.
101
Calculate the remainder when 610 is divided by 356.
254
What is the remainder when 537 is divided by 90?
87
Calculate the remainder when 111 is divided by 6.
3
What is the remainder when 23559 is divided by 102?
99
Calculate the remainder when 392 is divided by 60.
32
Calculate the remainder when 1143 is divided by 44.
43
What is the remainder when 697 is divided by 54?
49
Calculate the remainder when 1901 is divided by 68.
65
What is the remainder when 5332 is divided by 34?
28
What is the remainder when 2825 is divided by 69?
65
Calculate the remainder when 413 is divided by 55.
28
Calculate the remainder when 129 is divided by 124.
5
Calculate the remainder when 73 is divided by 35.
3
What is the remainder when 669 is divided by 53?
33
Calculate the remainder when 45 is divided by 26.
19
Calculate the remainder when 394 is divided by 26.
4
Calculate the remainder when 1145 is divided by 284.
9
What is the remainder when 858 is divided by 8?
2
What is the remainder when 71 is divided by 12?
11
What is the remainder when 574 is divided by 24?
22
Calculate the remainder when 1186 is divided by 36.
34
Calculate the remainder when 506 is divided by 14.
2
Calculate the remainder when 2921 is divided by 65.
61
What is the remainder when 229 is divided by 4?
1
What is the remainder when 2149 is divided by 355?
19
What is the remainder when 2017 is divided by 666?
19
What is the remainder when 836 is divided by 209?
0
What is the remainder when 3110 is divided by 50?
10
Calculate the remainder when 71 is divided by 39.
32
What is the remainder when 70 is divided by 46?
24
What is the remainder when 94 is divided by 19?
18
Calculate the remainder when 384 is divided by 17.
10
What is the remainder when 58 is divided by 17?
7
Calculate the remainder when 48904 is divided by 171.
169
Calculate the remainder when 84 is divided by 72.
12
Calculate the remainder when 146 is divided by 55.
36
Calculate the remainder when 179 is divided by 39.
23
What is the remainder when 431 is divided by 429?
2
Calculate the remainder when 7997 is divided by 1598.
7
What is the remainder when 9236 is divided by 55?
51
Calculate the remainder when 146 is divided by 33.
14
What is the remainder when 746 is divided by 214?
104
Calculate the remainder when 859 is divided by 656.
203
What is the remainder when 56 is divided by 29?
27
What is the remainder when 497 is divided by 110?
57
Calculate the remainder when 464 is divided by 97.
76
Calculate the remainder when 673 is divided by 75.
73
Calculate the remainder when 66 is divided by 7.
3
Calculate the remainder when 555 is divided by 68.
11
Calculate the remainder when 170 is divided by 64.
42
Calculate the remainder when 332 is divided by 218.
114
What is the remainder when 2831 is divided by 17?
9
What is the remainder when 135 is divided by 28?
23
Calculate the remainder when 452 is divided by 5.
2
What is the remainder when 817 is divided by 264?
25
Calculate the remainder when 102 is divided by 23.
10
What is the remainder when 159 is divided by 125?
34
What is the remainder when 454 is divided by 34?
12
Calculate the remainder when 1335 is divided by 338.
321
What is the remainder when 467 is divided by 150?
17
What is the remainder when 96 is divided by 3?
0
What is the remainder when 129 is divided by 6?
3
What is the remainder when 1615 is divided by 20?
15
Calculate the remainder when 272 is divided by 31.
24
Calculate the remainder when 4065 is divided by 42.
33
Calculate the remainder when 430 is divided by 198.
34
What is the remainder when 197 is divided by 112?
85
Calculate the remainder when 85 is divided by 40.
5
What is the remainder when 1209 is divided by 23?
13
Calculate the remainder when 1319 is divided by 53.
47
What is the remainder